120 (base 4) to base 14.
-b87812
What is 59545 (base 13) in base 8?
477230
Convert -40030430 (base 5) to base 12.
-131bb6
-268953 (base 14) to base 10
-1329933
Convert 2403110 (base 6) to base 13.
44c37
What is -110001010011010011000 (base 2) in base 5?
-403144022
What is -20240012 (base 6) in base 5?
-122034431
2c8025 (base 13) to base 5
240243200
-12016805 (base 9) to base 11
-3340865
30a898 (base 13) to base 7
12444551
32b20b6 (base 12) to base 16
93d10a
What is 142224516 (base 7) in base 16?
8e6e2d
-22100002211211 (base 3) to base 13
-bc195b
3b28ab (base 13) to base 3
2200211222210
1ffc0 (base 16) to base 12
63994
Convert -431442230 (base 5) to base 3.
-10102212021212
What is -5222114 (base 6) in base 11?
-162292
Convert -12211211200011 (base 3) to base 15.
-4157c4
21111121112 (base 3) to base 11
a0a77
What is -db157b (base 14) in base 9?
-14855666
Convert -11002120201 (base 3) to base 2.
-10011101011100110
Convert -7222 (base 14) to base 13.
-8c20
3001344 (base 7) to base 11
221626
Convert -4525616 (base 7) to base 8.
-2110457
What is -248269 (base 12) in base 11?
-376979
95b17 (base 14) to base 4
1120102221
-1579b (base 16) to base 13
-31065
What is -131001232 (base 6) in base 14?
-4ab3b6
Convert 49d5 (base 16) to base 6.
223301
4140371 (base 9) to base 7
24540061
121244145 (base 6) to base 4
20303123201
What is -30032221211 (base 4) in base 5?
-1310040413
-48816 (base 13) to base 7
-1063212
Convert -300230101 (base 4) to base 12.
-97501
What is -33024023 (base 5) in base 13?
-9ba83
-4433112 (base 5) to base 7
-441212
Convert -25676 (base 8) to base 4.
-2232332
Convert -1022012101 (base 4) to base 12.
-127781
What is -3115 (base 12) in base 14?
-1d3b
Convert -ba6860 (base 14) to base 6.
-343231324
What is 11123001002 (base 4) in base 12?
586682
Convert -2201020121 (base 3) to base 14.
-1565d
What is -204451 (base 8) in base 15?
-151a6
What is -1002021021011 (base 3) in base 16?
-8ca67
37792a (base 11) to base 13
17b412
-1120330440 (base 5) to base 4
-21211020022
-10144324 (base 5) to base 16
-14973
What is -1164664 (base 8) in base 3?
-121100122220
What is -e8135 (base 16) in base 14?
-1aa5c9
Convert 114102401 (base 5) to base 15.
a8686
-422828 (base 10) to base 14
-b0140
What is 10453456 (base 9) in base 12?
18390b0
Convert 2461577 (base 9) to base 10.
1339648
Convert 90026 (base 10) to base 14.
24b46
44041110 (base 5) to base 7
3132015
Convert 126679 (base 10) to base 12.
61387
Convert 80661 (base 10) to base 14.
21577
Convert 23132312002 (base 4) to base 16.
2ded82
2113114033 (base 5) to base 12
1595513
What is 211122100021 (base 3) in base 7?
3534220
What is -448c19 (base 14) in base 7?
-25540632
What is -823447 (base 9) in base 3?
-220210111121
Convert 153001144 (base 6) to base 7.
36236266
Convert -1564276 (base 12) to base 2.
-10000101000111001111010
Convert -235612 (base 8) to base 5.
-10041103
Convert -92cc34 (base 15) to base 4.
-122213310322
11021100221 (base 3) to base 12
40807
What is 8b6746 (base 13) in base 8?
14453172
Convert -2de3 (base 16) to base 7.
-46151
132232223 (base 4) to base 11
86625
What is 1ca76 (base 16) in base 6?
2303210
-8a6c9 (base 16) to base 7
-4551006
111114242 (base 5) to base 10
488697
What is 10101101221212 (base 3) in base 10?
1799141
72102 (base 10) to base 14
1c3c2
Convert 782403 (base 9) to base 8.
1621240
5d62 (base 15) to base 5
1114032
6602b7 (base 13) to base 6
123233152
Convert -25271bb (base 13) to base 12.
-3a670a3
What is -11597482 (base 10) in base 11?
-66013a6
What is -10111010110110001000000 (base 2) in base 4?
-113112301000
What is -252024105 (base 6) in base 16?
-4a17a9
-14251 (base 7) to base 6
-30031
What is 1606349 (base 10) in base 16?
1882cd
304247 (base 11) to base 4
1313111002
54353663 (base 7) to base 11
2698217
53543 (base 6) to base 8
16247
539d5a (base 15) to base 12
1400587
What is -5155aa (base 11) in base 10?
-827276
Convert -378392 (base 11) to base 7.
-5033542
Convert 120001033 (base 4) to base 2.
11000000001001111
What is -b18d56 (base 14) in base 8?
-26635660
What is 23235056 (base 7) in base 14?
3b2566
-122560316 (base 7) to base 12
-2716622
-7b476 (base 14) to base 12
-125728
50c539 (base 13) to base 12
76a14a
What is -2536302 (base 8) in base 15?
-dd772
Convert -a89148 (base 12) to base 5.
-1140414320
-1475621 (base 8) to base 4
-1213232101
What is 179529 (base 10) in base 5?
21221104
What is 25510130 (base 8) in base 11?
3225277
-11430022 (base 7) to base 8
-3677527
What is -111010010100000 (base 2) in base 15?
-8ca6
What is -46d841 (base 15) in base 9?
-6332057
Convert 572623 (base 15) to base 6.
225052223
What is 1001010111100101001001 (base 2) in base 7?
26606001
-1513687 (base 10) to base 6
-52235451
Convert 603b42 (base 13) to base 16.
221f66
What is 59d05 (base 15) in base 6?
10050022
What is -211201223 (base 5) in base 8?
-3271436
Convert -156d45 (base 14) to base 13.
-202ba8
Convert a9822 (base 11) to base 5.
20100011
What is 1269a8 (base 11) in base 13?
6ca82
What is 2535474 (base 8) in base 2?
10101011101100111100
Convert 160a513 (base 11) to base 16.
29fd34
What is -110120100011 (base 3) in base 4?
-330121102
127788 (base 10) to base 3
20111021220
Convert -22122222102 (base 3) to base 7.
-1310201
What is -148185 (base 11) in base 3?
-102201011012
What is 200002 (base 7) in base 14?
c372
Convert 10132000 (base 10) to base 15.
d5211a
-7bbc (base 16) to base 8
-75674
Convert -194267 (base 10) to base 4.
-233123123
What is -138550 (base 9) in base 16?
-14c16
Convert 7a32d (base 14) to base 5.
34000411
What is 2010012132 (base 4) in base 10?
541086
Convert 1705471 (base 12) to base 7.
55156546
-3950 (base 15) to base 14
-4653
Convert 116284 (base 10) to base 6.
2254204
Convert -16310531 (base 7) to base 9.
-2871732
Convert -14da2 (base 14) to base 5.
-3131312
69c9 (base 14) to base 5
1042110
What is 46821 (base 11) in base 14?
1a885
Convert 31520 (base 14) to base 2.
11101000011011000
What is -1223340 (base 6) in base 9?
-108856
7353233 (base 9) to base 7
45265530
Convert cca49 (base 16) to base 5.
203310332
Convert 159a689 (base 12) to base 14.
83638d
772536 (base 11) to base 14
241582
What is 140136 (base 11) in base 10?
219775
221102121022212 (base 3) to base 6
1201354505
Convert 13435202 (base 6) to base 9.
764522
What is 3ef92 (base 16) in base 13?
90535
Convert -10000101100101 (base 3) to base 11.
-9a4562
Convert -20812 (base 15) to base 4.
-121022123
Convert 12533004 (base 6) to base 8.
1455634
Convert -23142524 (base 7) to base 5.
-1004334033
What is -4505374 (base 10) in base 15?
-5dedd4
What is -332938 (base 12) in base 14?
-172672
-1201021022 (base 3) to base 16
-83c3
Convert 1110011111110010110 (base 2) to base 9.
803551
-2962146 (base 11) to base 16
-4d907c
Convert 1a71c (base 14) to base 12.
32b06
What is 5d3c1c (base 15) in base 16?
442c8c
What is 7a3bb (base 12) in base 14?
43595
Convert -1aabb (base 15) to base 3.
-11102001212
Convert -13748 (base 16) to base 13.
-2a36b
7a1305 (base 16) to base 8
36411405
What is -30354 (base 10) in base 16?
-7692
What is 63337 (base 9) in base 10?
41830
eee2 (base 16) to base 4
32323202
Convert -1075277 (base 8) to base 4.
-1013222333
10111100010101010 (base 2) to base 5
11041201
-516a73 (base 12) to base 8
-4675567
What is -190cc40 (base 13) in base 10?
-8196890
What is 112d058 (base 15) in base 5?
11121421313
What is 29872 (base 16) in base 9?
278287
30423244 (base 5) to base 4
330223332
What is 4427b (base 14) in base 15?
33de6
3a732 (base 11) to base 12
2976b
110101111110101011010 (base 2) to base 15
24e149
Convert 26502560 (base 8) to base 3.
102011101201112
What is 120023301 (base 4) in base 16?
182f1
What is -11444204040 (base 5) in base 11?
-7792258
Convert -620445 (base 7) to base 8.
-316621
Convert 10ad23 (base 14) to base 15.
b33b3
-76653 (base 9) to base 6
-1031203
86039 (base 12) to base 13
62328
474772 (base 8) to base 15
3314d
What is -66081 (base 10) in base 13?
-24102
-225211 (base 12) to base 9
-1024734
Convert -122021103 (base 4) to base 5.
-11411331
Convert 964552 (base 12) to base 7.
26105165
27562147 (base 8) to base 12
20baa5b
192e3c (base 16) to base 10
1650236
111110101101100 (base 2) to base 15
97a8
Convert 1103122033 (base 4) to base 5.
41413042
Convert -342aa5 (base 12) 